{"id":14,"date":"2017-09-29T20:39:47","date_gmt":"2017-09-29T20:39:47","guid":{"rendered":"http:\/\/astkimya.com\/?page_id=14"},"modified":"2017-10-11T08:50:55","modified_gmt":"2017-10-11T08:50:55","slug":"hakkimizda","status":"publish","type":"page","link":"https:\/\/astkimya.com\/","title":{"rendered":"Hakk\u0131m\u0131zda"},"content":{"rendered":"<div id=\"maincontent\" class=\"PageContent\">\n<div>\n<div>\n<div>\n<div style=\"text-align: center;\"><\/div>\n<div style=\"text-align: center;\"><\/div>\n<div style=\"text-align: left;\"><img decoding=\"async\" loading=\"lazy\" class=\"wp-image-157 alignleft\" src=\"http:\/\/astkimya.com\/wp-content\/uploads\/2017\/09\/ast-kimya-logo-300x289.png\" alt=\"\" width=\"146\" height=\"141\" srcset=\"https:\/\/astkimya.com\/wp-content\/uploads\/2017\/09\/ast-kimya-logo-300x289.png 300w, https:\/\/astkimya.com\/wp-content\/uploads\/2017\/09\/ast-kimya-logo.png 600w\" sizes=\"(max-width: 146px) 100vw, 146px\" \/>Kimya sekt\u00f6r\u00fcndeki tecr\u00fcbe,bilgi ve birikimi 15 y\u0131l \u00f6ncesine dayanan firmam\u0131z T\u00fcrk Kimya Sanayisine hammadde <strong>ithalat\u0131,sat\u0131\u015f\u0131 ve depolama<\/strong> alanlar\u0131nda hizmet vermektedir.<\/div>\n<div style=\"text-align: left;\"><\/div>\n<div style=\"text-align: left;\">Hizmet verdi\u011fimiz \u00fcr\u00fcnlerde kalite ve hizmet devaml\u0131l\u0131\u011f\u0131n\u0131 hedef alan firmam\u0131z,tecr\u00fcbeli ve dinamik kadrosuyla m\u00fc\u015fteri memnuniyetinin \u00f6n planda tutulmas\u0131n\u0131 ilk hedef olarak belirlemi\u015ftir.<\/div>\n<div style=\"text-align: left;\"><\/div>\n<div><\/div>\n<div>Ambalaj , plastik , tar\u0131m , boya , tekstil , temizlik , metal ve daha bir\u00e7ok sekt\u00f6re hammadde tedarik eden firmam\u0131z d\u00fcnyan\u0131n say\u0131l\u0131 kurulu\u015flar\u0131 aras\u0131nda bulunan \u00fcretici firmalar\u0131n m\u00fcmessilli\u011fini yapmaktad\u0131r.<\/div>\n<\/div>\n<div><\/div>\n<div><\/div>\n<div><b>De\u011ferlerimiz<\/b><\/div>\n<div><\/div>\n<div>\u00b7\u00a0\u00a0\u00a0\u00a0\u00a0\u00a0\u00a0\u00a0 M\u00fc\u015fteriye de\u011fer katmak<\/div>\n<div>\u00b7\u00a0\u00a0\u00a0\u00a0\u00a0\u00a0\u00a0\u00a0 \u0130\u015f sa\u011fl\u0131\u011f\u0131 ve g\u00fcvenli\u011fi<\/div>\n<div>\u00b7\u00a0\u00a0\u00a0\u00a0\u00a0\u00a0\u00a0\u00a0 \u00dcr\u00fcn kalitesi ve s\u00fcreklili\u011fi<\/div>\n<div>\n<div>\n<div>\n<div>\u00b7\u00a0\u00a0\u00a0\u00a0\u00a0\u00a0\u00a0\u00a0 \u0130\u015fbirlikleri ile de\u011fer yaratmak<\/div>\n<\/div>\n<div>.<\/div>\n<div>.<\/div>\n<div>.<\/div>\n<\/div>\n<\/div>\n<\/div>\n<div><\/div>\n<div>\n<div>\n<div><em><strong>Baz\u0131 Referanslar\u0131m\u0131z : <\/strong><\/em><\/div>\n<\/div>\n<div><\/div>\n<div><\/div>\n<div><\/div>\n<div>\n<p><img decoding=\"async\" loading=\"lazy\" class=\"alignnone wp-image-194\" src=\"http:\/\/astkimya.com\/wp-content\/uploads\/2017\/10\/lukoil.png\" alt=\"\" width=\"135\" height=\"44\" \/><img decoding=\"async\" loading=\"lazy\" class=\"alignnone size-full wp-image-154\" src=\"http:\/\/astkimya.com\/wp-content\/uploads\/2017\/10\/petrom-kimya-referans.jpg\" alt=\"\" width=\"165\" height=\"70\" \/><img decoding=\"async\" loading=\"lazy\" class=\"alignnone size-full wp-image-117\" src=\"http:\/\/astkimya.com\/wp-content\/uploads\/2017\/10\/shell-kimya-referans.jpg\" alt=\"\" width=\"165\" height=\"70\" \/><\/p>\n<div><img decoding=\"async\" loading=\"lazy\" class=\"alignnone size-full wp-image-198\" src=\"http:\/\/astkimya.com\/wp-content\/uploads\/2017\/09\/arkema.png\" alt=\"\" width=\"126\" height=\"42\" \/><img decoding=\"async\" loading=\"lazy\" class=\"alignnone wp-image-200\" src=\"http:\/\/astkimya.com\/wp-content\/uploads\/2017\/09\/bp-1.jpg\" alt=\"\" width=\"123\" height=\"84\" \/><img decoding=\"async\" loading=\"lazy\" class=\"alignnone size-full wp-image-116\" src=\"http:\/\/astkimya.com\/wp-content\/uploads\/2017\/10\/dow-kimya-referans.jpg\" alt=\"\" width=\"165\" height=\"70\" \/><\/div>\n<\/div>\n<div>\u00b7<\/div>\n<\/div>\n<\/div>\n<\/div>\n","protected":false},"excerpt":{"rendered":"<p>Kimya sekt\u00f6r\u00fcndeki tecr\u00fcbe,bilgi ve birikimi 15 y\u0131l \u00f6ncesine dayanan firmam\u0131z T\u00fcrk Kimya Sanayisine hammadde ithalat\u0131,sat\u0131\u015f\u0131 ve depolama alanlar\u0131nda hizmet vermektedir. Hizmet verdi\u011fimiz \u00fcr\u00fcnlerde kalite ve hizmet devaml\u0131l\u0131\u011f\u0131n\u0131 hedef alan firmam\u0131z,tecr\u00fcbeli ve dinamik kadrosuyla m\u00fc\u015fteri memnuniyetinin \u00f6n planda tutulmas\u0131n\u0131 ilk hedef olarak belirlemi\u015ftir. Ambalaj , plastik , tar\u0131m , boya , tekstil , temizlik , metal [&hellip;]<\/p>\n","protected":false},"author":1,"featured_media":0,"parent":0,"menu_order":0,"comment_status":"closed","ping_status":"closed","template":"","meta":[],"_links":{"self":[{"href":"https:\/\/astkimya.com\/index.php?rest_route=\/wp\/v2\/pages\/14"}],"collection":[{"href":"https:\/\/astkimya.com\/index.php?rest_route=\/wp\/v2\/pages"}],"about":[{"href":"https:\/\/astkimya.com\/index.php?rest_route=\/wp\/v2\/types\/page"}],"author":[{"embeddable":true,"href":"https:\/\/astkimya.com\/index.php?rest_route=\/wp\/v2\/users\/1"}],"replies":[{"embeddable":true,"href":"https:\/\/astkimya.com\/index.php?rest_route=%2Fwp%2Fv2%2Fcomments&post=14"}],"version-history":[{"count":10,"href":"https:\/\/astkimya.com\/index.php?rest_route=\/wp\/v2\/pages\/14\/revisions"}],"predecessor-version":[{"id":224,"href":"https:\/\/astkimya.com\/index.php?rest_route=\/wp\/v2\/pages\/14\/revisions\/224"}],"wp:attachment":[{"href":"https:\/\/astkimya.com\/index.php?rest_route=%2Fwp%2Fv2%2Fmedia&parent=14"}],"curies":[{"name":"wp","href":"https:\/\/api.w.org\/{rel}","templated":true}]}}